ppose -d*g - 3*t + 39 = 0, -4*g + 49 = t + 2*t. Is 12 a factor of j(g)?
True
Suppose 0 = 2*t + 2*h - 50, -5*t + 2*t = 4*h - 76. Is t a multiple of 6?
True
Let q(i) = 2*i**2 - i - 4. Let u be q(3). Let c = u + 0. Does 4 divide c?
False
Suppose 4*i - 84 = -4. Let a = i - 28. Is -4*1/(a/14) a multiple of 3?
False
Suppose -10 = -2*k - 4*l, -k + 3*l + 3 = -2. Suppose 4*i - k = 7. Suppose 0*m - 108 = -i*m. Does 12 divide m?
True
Suppose -4*d + 62 = 5*j - 2*d, -2*j = 2*d - 26. Let q be j/(-10)*(-30)/4. Let n = q + -1. Is 3 a factor of n?
False
Suppose 5*d = -0*d + 10. Let s be 31*(0 + 2/d). Suppose -p = -5*y - 11, -2*p + s = -p - y. Is p a multiple of 18?
True
Suppose 23*j = 18*j + 30. Is j a multiple of 3?
True
Suppose l = 5*l. Suppose l = -5*f - 15. Is 10 a factor of (-11 + f/(-3))*-2?
True
Let s = 35 - 23. Is s a multiple of 5?
False
Let r be (-13*2)/(3 - 4). Suppose -4 = -q + r. Let o = -17 + q. Is 13 a factor of o?
True
Let z(j) = 5*j - 1. Let a(b) be the third derivative of -b**4/24 + 11*b**3/6 - 4*b**2. Let s be a(8). Is z(s) a multiple of 5?
False
Let z = -26 - -63. Suppose -3*s - 3*y - 2*y + z = 0, -6 = -3*y. Is 5 a factor of s?
False
Suppose -g = 5*v - 168, 0 = 5*v - 3*g + 8*g - 160. Let d = -14 + v. Let y = d - -13. Is y a multiple of 16?
False
Is -2 - (5/2 - 3)*610 a multiple of 22?
False
Suppose 0 = 4*b - 6*b - 12. Is (-10)/(-15) + (-392)/b a multiple of 11?
True
Let v(a) = -a**3 - 4*a**2 + 6*a + 4. Let c be v(-4). Is 4 a factor of (-5)/c + 19/4?
False
Suppose 2*u - 65 = 1. Suppose v - 2*a - 11 = -0*v, 0 = 3*v + 3*a - u. Is 11 a factor of v?
True
Let q be 19/(-2)*2*-1. Suppose j - q = 17. Let b = j - 19. Is 7 a factor of b?
False
Suppose 0 = -0*j + j + 7. Let r(o) = -2*o - 2. Let g be r(5). Let l = j - g. Is 5 a factor of l?
True
Suppose -3*f + 285 = 5*j, 2*f - f + 4*j = 102. Is 15 a factor of f?
True
Suppose 0 = 3*k - 9*k + 504. Is k a multiple of 21?
True
Suppose -11*x = -658 + 31. Is 19 a factor of x?
True
Let q be (-18)/(-15)*10/3. Let g(i) = -3*i**3 - 2*i**2 - 4*i - 1. Let k(w) = 2*w**3 + 3*w**2 + 5*w + 2. Let y(a) = q*k(a) + 3*g(a). Is 8 a factor of y(7)?
False
Let a = -38 + 73. Is 10 a factor of a?
False
Suppose -228 = -s - 43. Is 34 a factor of s?
False
Let q(o) = -3*o**3 - 3*o**2 - 2*o. Is 8 a factor of q(-3)?
False
Let l(t) = -t**2 + 9*t - 8. Let k be l(8). Suppose k = -7*f + 12*f - 120. Does 8 divide f?
True
Suppose 3*m = -2*m + 5*k + 360, -3*m + 5*k + 224 = 0. Let p = m + -11. Is p a multiple of 22?
False
Is 25 a factor of (1*(-1)/(-2))/((-21)/(-11550))?
True
Suppose 5*t - 110 = 125. Is 9 a factor of t?
False
Suppose -x - 12 + 102 = 0. Suppose -3*i - x = -8*i. Let n = i + -7. Is 5 a factor of n?
False
Is 5 a factor of (-41)/(-2) - (-21)/(-14)?
False
Is (-2)/(7/(343/(-2))) a multiple of 10?
False
Let c be 7 - (-2 - -3)*2. Suppose 4*w - 1 = t, 0*t + c*t - 2*w - 67 = 0. Is 23 a factor of 684/t + 2/5?
True
Let a be ((-36)/(-5))/((-2)/10). Let t = 87 + a. Is t a multiple of 15?
False
Let r(t) = -5 + 0 - 2*t + 0 + 10*t. Is r(4) a multiple of 11?
False
Let t(j) = j**3 - 3*j**2 + 2*j - 1. Let b be t(3). Suppose -26 = -h + b*k - k, -5*k = 0. Does 12 divide h?
False
Suppose -51 = 2*h - 5*h + 4*w, -2*h = 4*w - 34. Is h a multiple of 3?
False
Does 23 divide 6305/39 + (-2)/3?
True
Suppose -176*x + 384 = -170*x. Is 8 a factor of x?
True
Let z(w) = -w**3 - w**2 + 1. Let v be z(-2). Let f = v - 3. Suppose 0 = -4*u + 3*y + 21, -f*u = -y - 3*y - 18. Is 3 a factor of u?
True
Suppose -5*b = -12 - 3. Suppose b*k + 5*w + 16 = 0, 8 = 2*w - 0. Let s = k + 25. Does 11 divide s?
False
Let a = 20 - 13. Is (10/a)/(5/175) a multiple of 19?
False
Let l = -6 - -8. Suppose -3*j + l*j = 2*f - 16, -2*j = -2*f - 32. Is 108/j + 1/4 a multiple of 5?
False
Suppose 3*i + 16 + 183 = 2*t, 4*t + 5*i = 365. Let n = t - 62. Let x = 50 - n. Is 14 a factor of x?
False
Suppose -65 = -0*h - 5*h. Let d = h + 11. Is 9 a factor of d?
False
Suppose 2*i = i + 5. Suppose i*n + 21 = 8*n. Does 6 divide n?
False
Is 37 a factor of (217 - 3 - 1) + -6?
False
Let l = 19 + 20. Suppose 0*a - 3*a + 5*d + l = 0, 4*d = -a + 13. Suppose -3*f + a + 2 = 0. Is 5 a factor of f?
True
Let j(z) = -z**3 + 19. Let h = -8 - -8. Is j(h) a multiple of 9?
False
Suppose -u + 3*z = -22, z = -0 + 2. Is 28 a factor of u?
True
Suppose -4*i + 3*i = -64. Is i a multiple of 19?
False
Let h(z) = -10*z - 1. Suppose -2*j - j + 42 = 0. Let n be -4*(-3 - j/(-4)). Is h(n) a multiple of 17?
False
Suppose -2*n + 0*m + 24 = -4*m, -5*n + 3*m + 88 = 0. Does 12 divide (-2)/(-5) - (-712)/n?
True
Let s = -5 + 3. Let q = s + 17. Is 4 a factor of q?
False
Let c(g) = -g**2 - 6*g - 3. Let n be c(-4). Suppose -2*f = -q + 26, -58 = -2*q + 2*f - 4*f. Suppose -q + 0 = -3*o + 2*k, n*k = 5*o - 55. Does 6 divide o?
True
Let n = 50 - -58. Does 18 divide n?
True
Suppose 2*f + 127 = 5*m + 3*f, 2*m - 2*f = 58. Does 10 divide m?
False
Let t(b) = b**2 + b - 2. Let h be t(-2). Suppose -2*g + 1 + 5 = h. Suppose 0 = -5*s - 4*v + 33, 2*s + 0*v - 27 = g*v. Does 9 divide s?
True
Suppose -m = k - 2, -2*m + 12 = 4*k + m. Suppose 3*a = -3*b + 75, 0 = -2*a + 5*a - 3*b - 51. Let d = a - k. Is 6 a factor of d?
False
Let h(r) = -4*r**3 - 3*r**2 + 2*r. Let s(k) = -7*k**3 - 5*k**2 + 4*k - 1. Let f(i) = 5*h(i) - 3*s(i). Is f(2) even?
False
Let q(o) = 8*o**2 + 4*o + 2. Is q(-2) a multiple of 13?
True
Suppose 2*l + 17 = 3*l. Is 17 a factor of l?
True
Suppose v - 1457 = 5*f + 1415, 0 = 3*f + 3*v + 1734. Does 10 divide f/(-30) - 2/12?
False
Let d(l) = l**2 + 5*l + 6. Let z be d(-4). Suppose 56 = 6*o - z*o. Is o a multiple of 14?
True
Let i(y) = -y**3 - 3*y**2 + 10*y + 9. Is i(-6) a multiple of 3?
True
Let n(d) = 5*d + 24. Is 14 a factor of n(8)?
False
Is ((-9)/3 + 78 + 1)/1 a multiple of 19?
True
Let a(c) = 34*c. Let s(h) = -11*h. Let d(m) = -6*a(m) - 17*s(m). Let k be d(-2). Is k*(1 - 1/2) a multiple of 16?
False
Suppose x - 4 = -0. Suppose -32 = -4*l + x. Does 9 divide l?
True
Let j = 12 - 9. Suppose 5*s - 95 = 4*d - d, -17 = -2*s - j*d. Is s a multiple of 6?
False
Let y(z) = z**3 + 17*z**2 - 3*z + 3. Is 11 a factor of y(-17)?
False
Let b be (1 - 0) + -2 + 41. Suppose -33 = -5*h - 2*v, 5*h + 1 = 4*v + b. Does 4 divide h?
False
Let y(h) = 2*h**3 + 4*h**2 - 3*h - 3. Let j be y(3). Suppose 0 = -4*q + 74 + j. Is 18 a factor of q?
False
Let f be 2 - 0/3 - 3. Let l be (-5)/(f/3*-3). Is 14 a factor of 54/4 - l/10?
True
Let f(d) = 12*d**3 + d**2 - 3. Does 14 divide f(2)?
False
Let c(r) = -r**2 - 12*r + 4. Does 2 divide c(-12)?
True
Suppose -z = -4*k - 31, 18 = -4*k + 2*z - 8. Let t = 21 + k. Does 12 divide t?
True
Let w(r) = r**3 - 3*r**2. Let z(p) = p**3 + 2*p**2 - p. Let s be z(-2). Let j be w(s). Does 5 divide 4/3*(-30)/j?
True
Let r(j) = -j**3 - 6*j**2 - 2*j + 2. Let w be r(-4). Suppose 3*a = 128 + 4. Let l = w + a. Does 18 divide l?
False
Let s = 151 - 92. Is 20 a factor of s?
False
Suppose 109 = 3*h - 83. Is 8 a factor of h?
True
Let c(q) be the first derivative of 2*q**3/3 + 2*q**2 - 3*q + 5. Suppose y = 4*u + 3 + 1, -2*u - 12 = 2*y. Does 12 divide c(y)?
False
Let k(n) = -2*n + 4. Let a be k(-5). Let s = 23 + a. Does 10 divide (-24)/(-32) - s/(-4)?
True
Let u = 10 - 7. Let k be (16/(-12))/((-2)/u). Suppose -g + k*g = 10. Does 10 divide g?
True
Suppose -3*g + 4*z - 12 = -g, 0 = 4*g - 4*z + 8. Let f be g*((-6)/3 - -1). Does 10 divide 4/((8/(-18))/f)?
False
Suppose n - 51 - 6 = 0. Does 19 divide n?
True
Suppose -387 = -5*t - 87. Is 30 a factor of t?
True
Let v(n) = n**3 + 2*n**2 + 4*n + 2. Let u be v(-2). Let r = 14 + u. Is 8 a factor of r?
True
Let q(y) = -y**2 + 24*y + 12. Is 33 a factor of q(23)?
False
Let t(x) = 2*x. Is t(17) a multiple of 17?
True
Suppose -4*n + x - 265 = 0, 0*n - n = 2*x + 64. Let t = -20 - n. Does 11 divide t?
False
Suppose 3*a - 4*d - 37 = 94, 2*a - 3*d - 87 = 0. Suppose -5 = -5*f + a. Is f a multiple of 6?
False
Let i = -45 + 86. Is 23 a factor of i?
False
Let v = 8 - 3. Let t(r) = 2*r + 4. Is t(v) a multiple of 14?
True
Let s = 5 + -2. Suppose s*j - 2 - 67 = 0. Does 14 divide j?
False
Let m(x) = 2*x - 1. Let c be m(2). Suppose -c*f - d = -16, -5*d - 1 = f + 3. Is 3 a factor of f?
True
Let m(n) = -n**2 - 11*n - 1. Let g be ((-5)/(5/8))/1. Is 9 a factor of m(g)?
False
Suppose 3*i = -i - 152. Let p = 25 + i. Let c = -2 - p. Is c a mult